*w**2. What is the remainder when 1/(-5) + 378/15 is divided by s(-9)?
7
Let g = 10763 - 10686. What is the remainder when g is divided by 39?
38
Let p(i) = 50 - 160 + 56 + 59 + i**3 + 20*i - 20*i**2. Calculate the remainder when p(19) is divided by 4.
0
Let v = 110 + -44. Let c = v + -34. Suppose -7*f + c = -6*f. What is the remainder when f is divided by 7?
4
What is the remainder when 1350 is divided by ((-21)/(-8) - 1)/(2/16)?
11
Suppose 3*h + 3*i = 1158, 23*h - 19*h - 4*i = 1552. Let a = -369 + h. Let r(c) = c**3 + 4*c**2 - 8*c - 5. What is the remainder when a is divided by r(-5)?
8
Suppose 50*t + 1386 = 204*t. Let i(w) = -2*w**2 - 35*w - 12. Calculate the remainder when i(-14) is divided by t.
5
Let z = -19687 - -19712. What is the remainder when 295 is divided by z?
20
Suppose 0 = -292*p + 295*p - 1296. Suppose 4*w - p = 3*i, 16*i - 20*i - 108 = -w. Calculate the remainder when w is divided by 28.
24
Let p(j) be the first derivative of j**3/3 - j**2/2 - 24*j + 128. What is the remainder when 90 is divided by p(7)?
0
Let v(o) = -3*o**2 - 11*o + 7. Let r(m) = 9*m - 14. Let x be r(2). Let g be v(x). Let k = -71 - g. Calculate the remainder when 22 is divided by k.
8
Suppose -21*f = -13*f - 96. Suppose 3*r - f = -0*r. Suppose 0 = -a + r*a - 66. What is the remainder when 40 is divided by a?
18
Suppose -2*c + 6 = 0, -g + 201 = 3*g - c. Suppose -a - g = -5*a + 3*l, a = -4*l - 11. Calculate the remainder when 79 is divided by a.
7
Let o(b) = 207*b - 10. Let y be o(-1). Let l = y + 264. Calculate the remainder when 327 is divided by l.
45
Suppose 12 = h - 5*c + 5, -5*c = 4*h - 78. Suppose -571 = -8*w - 669 + 4018. Calculate the remainder when w is divided by h.
14
Suppose p - 196 = -3*p. What is the remainder when ((0 - -1) + 7)*p/14 is divided by 8?
4
Let z = 83 + -45. Suppose z = -3*x + 320. Let a = -71 + x. Calculate the remainder when 91 is divided by a.
22
Let x(h) = 33*h + 1471. Calculate the remainder when x(-9) is divided by 28.
26
Let s(c) = c**3 + 10*c**2 + 16*c + 20. Calculate the remainder when 32 is divided by s(-8).
12
Let h(n) = -3*n**2 - 42*n - 45. What is the remainder when 1309 is divided by h(-6)?
22
Suppose 5*c + 593 = 2*o, 2*c - 1468 = -6*o + o. Let g = -286 + o. Calculate the remainder when g is divided by 4.
0
Let h(s) = 32*s**2 - 2*s + 1. Let a be h(-1). What is the remainder when 147 is divided by a - 10/(-1)*(-23)/(-46)?
27
Calculate the remainder when 998/5 + -1 + (-8)/(-20) is divided by 99.
1
Let n(q) = -2*q - 21 + 7 + 11. Let f be n(-3). Suppose 4*d + 20 = 5*u, f = -5*d + 28. What is the remainder when 31 is divided by u?
7
Suppose 541*l - 9870 = 549*l - 42134. Calculate the remainder when l is divided by 11.
7
Suppose 5*s + p - 1255 = 0, 9*s - 7*p - 1295 = 4*s. What is the remainder when s is divided by 26?
18
Let u = -501 - -518. Let r(a) = 2*a**3 - 21*a**2 - 2*a - 19. Calculate the remainder when r(11) is divided by u.
12
What is the remainder when -159*(161/(-3) + (13 - 21) + 2) is divided by 339?
334
Suppose -4*l + 143 + 29 = 0. Suppose 0 = 3*j - 3*w - 168, 0*w = -2*w + 10. Let x = 142 - j. What is the remainder when x is divided by l?
38
Suppose 0 = -177*t + 353*t - 161*t - 1065. What is the remainder when 670 is divided by t?
31
Let o = 11666 - 11559. What is the remainder when 162 is divided by o?
55
Let w(h) = -h**2 + 52*h + 2814. Suppose -3*a + 69 = -135. Calculate the remainder when a is divided by w(-33).
5
Suppose 5*v - 160 = -k, -2*k - 27 = -37. What is the remainder when 3232 is divided by v?
8
Suppose 0 = -4*f - 20*f + 4992. Suppose 17 = -5*s + 87. Calculate the remainder when f is divided by s.
12
Let o = 8 - -4. Calculate the remainder when (3 - -2)*-1*(-3059)/665 is divided by o.
11
What is the remainder when 295 is divided by 54*(-5)/(-60)*24?
79
Let y(w) = w**3 + 3*w**2 - 6*w + 2. Let t = 83 + -81. Calculate the remainder when 48 is divided by y(t).
8
Suppose 3*g + 3*s + 6 = 69, s = 5*g - 93. What is the remainder when -1 + 8 - ((-222)/10 + (-180)/225) is divided by g?
11
Let t(g) = g**3 - g**2 + g - 20. Let f be t(0). Let p be 3362/164*(1 - 0)*4. Let r = f + p. What is the remainder when r is divided by 13?
10
Let r = -149 - -389. Calculate the remainder when r is divided by 77.
9
Let l(f) = -66*f - 149. What is the remainder when l(-5) is divided by 28?
13
Let n(w) = -w + 1. Let a(h) = -h**2 - h + 20. Let t(j) = -a(j) + n(j). Let z be t(5). What is the remainder when 67 is divided by z/21 + 117/7?
16
Let j(o) = -41*o + 169. Let f = 152 + -148. What is the remainder when 548 is divided by j(f)?
3
Suppose 5*a - 8290 = -3*u, -2*u - 13*a = -9*a - 5524. What is the remainder when u is divided by 111?
106
Suppose 50 = j - 5*z - 4, 2*j = 5*z + 98. Let m(u) be the first derivative of -u**3/3 - u**2/2 + 15*u - 46. Calculate the remainder when j is divided by m(0).
14
Let c = -13 + 19. Let a be 0 + c/10*5. Suppose -4*s = -a*s - 48. What is the remainder when s is divided by 10?
8
Let p = 10415 - 10301. What is the remainder when 147 is divided by p?
33
Suppose -505 = -3*m - 5*g - 113, -5*g = -2*m + 253. What is the remainder when m is divided by 13?
12
Let q be -4 - (-29 + (4 - 7)). Let u = q + -72. Let s = u - -63. Calculate the remainder when 92 is divided by s.
16
Suppose -58*l + 57*l - 133 = -3*z, -4*l - 37 = -z. Calculate the remainder when 122 is divided by z.
32
Let g(m) = m**2 + 55*m + 5. Let v be g(6). Let d = 377 - v. What is the remainder when d is divided by 2?
0
Let m(u) = 2*u**2 + 2*u - 4. Let f be m(9). Suppose -3*o - f = -7*o. Suppose 36*n - 16 = 308. What is the remainder when o is divided by n?
8
Let b = -386 - -396. Suppose b*i - 48 = 9*i. What is the remainder when i is divided by 17?
14
Let m be 39 - ((-69)/46 + (-2)/(-4)). Let w = 8 + m. Calculate the remainder when w is divided by 13.
9
Let j = -56 + 57. Let c be (-2)/6 - (140/(-15) + j). Calculate the remainder when 25 - c/(1 + -3) is divided by 16.
13
Suppose 2360 = 132*i - 46*i - 1768. Calculate the remainder when 120 is divided by i.
24
Let a(g) = 114*g - 4133. Calculate the remainder when 1602 is divided by a(38).
10
Let b be (-10)/(-4)*-212*(-3)/30. Let f = -52 + b. Calculate the remainder when (f/(-1*1))/((-15)/570) is divided by 10.
8
Suppose 15*y - 13*y - 2 = 0. Suppose -z - y = -0, -4*t + 4*z - 20 = 0. Calculate the remainder when 406/6 + t/9 is divided by 23.
21
Let r(z) = -z**2 + 5*z + 6. Let m be r(6). Suppose 5*w - 109 - 1 = m. Suppose -4*d + 5 + 32 = -l, -5*l - 5 = 0. What is the remainder when w is divided by d?
4
Let a be (-131)/(-6) - 1 - (-7)/42. Let f(g) = -a*g + 7*g - 17 + 11*g. Calculate the remainder when f(-23) is divided by 27.
25
What is the remainder when 1386 is divided by 64 - 50 - 17*-5?
0
What is the remainder when (-5 - -14)*(-3 + 5*16) is divided by 673?
20
Suppose -19*x - 22*x = -21*x - 180. What is the remainder when 1643 is divided by x?
5
Let m = -112632 + 112715. Suppose -5*k + 3*g + 835 = g, -4*k - 3*g + 645 = 0. What is the remainder when k is divided by m?
82
Suppose 268 = 3*n + 2*d - 11, -5*d - 395 = -4*n. Suppose h + 94 = n. What is the remainder when (h - -3) + 36 + 1 is divided by 11?
8
Suppose 93 + 131 = -4*c. Let j = c + 59. Suppose 10*n + j*n = 975. Calculate the remainder when n is divided by 26.
23
Let m(k) = 15*k**2 + 2*k + 18. Let n(c) = -14*c**2 - 2*c - 15. Let o(i) = -4*m(i) - 5*n(i). Calculate the remainder when 113 is divided by o(-2).
35
Suppose 4*p - 7*p + l + 1480 = 0, 5*p - 5*l = 2460. Let m = 539 - p. What is the remainder when 176 is divided by m?
41
Let k(g) = -133*g - 1026. What is the remainder when 141 is divided by k(-8)?
27
Suppose 31 - 885 = 2*g. Let s = g + 625. Let z(c) = -10*c. What is the remainder when s is divided by z(-4)?
38
Let b = 24668 + -23916. Calculate the remainder when b is divided by 195.
167
Let r be 5/(-2) - (-6)/4. Let j(z) = -11*z - 3. Let l be j(r). Suppose 66 = l*g - 14. What is the remainder when 47 is divided by g?
7
Let d(z) = 59*z - 5 + z + 5. Let x be d(1). Suppose -3*c = 4*f - x, -2*c = 6*f - 4*f - 30. Calculate the remainder when 27 is divided by f.
12
Suppose -136 = -4*i - 4*w, 31*w + 70 = 2*i + 34*w. What is the remainder when (-4)/1 + (230 - 5) is divided by i?
29
What is the remainder when 865 is divided by (((-175)/(-10))